3 is divided by 158.
147
What is the remainder when 2667378 is divided by 2667109?
269
Calculate the remainder when 14953621 is divided by 1053.
1021
What is the remainder when 2475073 is divided by 138?
43
What is the remainder when 475534 is divided by 29688?
526
What is the remainder when 472068 is divided by 908?
816
Calculate the remainder when 4880493 is divided by 137.
5
What is the remainder when 998327 is divided by 998321?
6
What is the remainder when 318961 is divided by 79132?
2433
What is the remainder when 435752 is divided by 520?
512
What is the remainder when 36876 is divided by 829?
400
What is the remainder when 1326515 is divided by 1326492?
23
Calculate the remainder when 3580717 is divided by 26.
23
What is the remainder when 167086442 is divided by 313483?
3
Calculate the remainder when 4374257 is divided by 278.
205
Calculate the remainder when 1868401 is divided by 29657.
10
Calculate the remainder when 3494694 is divided by 582448.
6
What is the remainder when 9976848 is divided by 3325613?
9
What is the remainder when 659385 is divided by 217?
139
Calculate the remainder when 113031 is divided by 34307.
10110
What is the remainder when 143520 is divided by 198?
168
What is the remainder when 20282253 is divided by 976?
973
Calculate the remainder when 1533160 is divided by 78.
70
What is the remainder when 15683857 is divided by 170?
167
Calculate the remainder when 12813441 is divided by 297987.
0
What is the remainder when 242411 is divided by 326?
193
Calculate the remainder when 93953020 is divided by 1978.
1976
Calculate the remainder when 823808 is divided by 68593.
692
What is the remainder when 410720 is divided by 631?
570
What is the remainder when 227926 is divided by 2374?
22
What is the remainder when 13306943 is divided by 1473?
1334
Calculate the remainder when 8834177 is divided by 1059.
1058
What is the remainder when 6023611 is divided by 87?
79
Calculate the remainder when 755999 is divided by 7138.
6509
Calculate the remainder when 256531 is divided by 85478.
97
Calculate the remainder when 13810265 is divided by 2118.
905
Calculate the remainder when 149244 is divided by 8408.
6308
What is the remainder when 10754408 is divided by 19769?
72
What is the remainder when 423998 is divided by 60548?
162
Calculate the remainder when 15533795 is divided by 17.
11
What is the remainder when 572155075 is divided by 134?
133
What is the remainder when 1157593 is divided by 3336?
1
What is the remainder when 23085626 is divided by 161?
158
What is the remainder when 178282 is divided by 1285?
952
Calculate the remainder when 10666702 is divided by 969695.
57
What is the remainder when 1458177 is divided by 243005?
147
Calculate the remainder when 96245 is divided by 12228.
10649
What is the remainder when 3603252 is divided by 2504?
2500
Calculate the remainder when 47346384 is divided by 1958.
1944
Calculate the remainder when 8716711 is divided by 223505.
16
Calculate the remainder when 80668291 is divided by 57171.
10
What is the remainder when 197026 is divided by 49068?
754
Calculate the remainder when 1575565 is divided by 42581.
68
Calculate the remainder when 13903719 is divided by 4634571.
6
What is the remainder when 1245317 is divided by 1031?
900
Calculate the remainder when 3932065 is divided by 1966014.
37
What is the remainder when 5150124 is divided by 2575050?
24
Calculate the remainder when 642050 is divided by 995.
275
Calculate the remainder when 4607147 is divided by 1535704.
35
What is the remainder when 33383428 is divided by 123?
121
Calculate the remainder when 8139098 is divided by 995.
993
Calculate the remainder when 1161692 is divided by 50505.
77
What is the remainder when 13169274 is divided by 58?
26
What is the remainder when 96265 is divided by 75644?
20621
Calculate the remainder when 10009140 is divided by 1668185.
30
Calculate the remainder when 1819485 is divided by 1500.
1485
What is the remainder when 2361281 is divided by 630?
41
What is the remainder when 1923644 is divided by 961798?
48
What is the remainder when 1196536 is divided by 580?
576
Calculate the remainder when 145406 is divided by 2690.
146
Calculate the remainder when 47671 is divided by 1531.
210
Calculate the remainder when 148125 is divided by 155.
100
Calculate the remainder when 517292 is divided by 2.
0
Calculate the remainder when 43877010 is divided by 14625667.
9
What is the remainder when 1215618 is divided by 15?
3
What is the remainder when 3587959 is divided by 52?
11
Calculate the remainder when 297156 is divided by 943.
111
What is the remainder when 14785918 is divided by 240?
238
Calculate the remainder when 3877433 is divided by 171.
8
Calculate the remainder when 168946 is divided by 87.
79
Calculate the remainder when 561409055 is divided by 13.
12
Calculate the remainder when 258303 is divided by 6818.
6037
Calculate the remainder when 879233219 is divided by 10.
9
Calculate the remainder when 173709437 is divided by 20.
17
Calculate the remainder when 30262 is divided by 110.
12
Calculate the remainder when 1269429 is divided by 423128.
45
Calculate the remainder when 591396 is divided by 15983.
25
What is the remainder when 538992745 is divided by 1477?
1474
What is the remainder when 356354653 is divided by 224?
221
Calculate the remainder when 2867440 is divided by 24719.
36
What is the remainder when 326127388 is divided by 43?
37
Calculate the remainder when 11475953 is divided by 2797.
2659
What is the remainder when 19863381 is divided by 34787?
4
Calculate the remainder when 16061130 is divided by 8030513.
104
Calculate the remainder when 31655838 is divided by 109158.
18
Calculate the remainder when 802184 is divided by 700.
684
Calculate the remainder when 10972505 is divided by 680.
25
Calculate the remainder when 3980143 is divided by 4842.
19
Calculate the remainder when 14861 is divided by 227.
106
What is the remainder when 4380507 is divided by 365042?
3
Calculate the remainder when 6835753 is divided by 126588.
1
Calculate the remainder when 53442 is divided by 14.
4
What is the remainder when 29018707 is divided by 3224299?
16
Calculate the remainder when 52465126 is divided by 389.
307
What is the remainder when 54531646 is divided by 544?
542
Calculate the remainder when 98146 is divided by 10888.
154
What is the remainder when 188888 is divided by 17169?
29
What is the remainder when 4251399 is divided by 287?
68
Calculate the remainder when 885440782 is divided by 444.
442
What is the remainder when 692267 is divided by 230682?
221
Calculate the remainder when 121593 is divided by 24242.
383
Calculate the remainder when 255674 is divided by 3056.
2026
What is the remainder when 138431616 is divided by 34607903?
4
What is the remainder when 50145 is divided by 49730?
415
Calculate the remainder when 1190587 is divided by 691.
685
What is the remainder when 68398 is divided by 11396?
22
Calculate the remainder when 15859 is divided by 6739.
2381
What is the remainder when 45477 is divided by 510?
87
What is the remainder when 52714307 is divided by 110?
107
Calculate the remainder when 1614293 is divided by 8773.
61
What is the remainder when 29962842 is divided by 186?
102
What is the remainder when 135424798 is divided by 224?
222
What is the remainder when 110408 is divided by 995?
958
Calculate the remainder when 74149181 is divided by 120.
101
Calculate the remainder when 2099668 is divided by 51.
49
Calculate the remainder when 5827968 is divided by 367.
8
What is the remainder when 7198684 is divided by 1568?
1564
Calculate the remainder when 1317039 is divided by 747.
78
What is the remainder when 8760804 is divided by 9?
6
Calculate the remainder when 6692453 is divided by 152101.
9
What is the remainder when 27772839 is divided by 25271?
10
Calculate the remainder when 1152649 is divided by 224.
169
Calculate the remainder when 81103026 is divided by 8110302.
6
Calculate the remainder when 21871185 is divided by 27.
24
What is the remainder when 1507909 is divided by 1553?
1499
Calculate the remainder when 39395348 is divided by 39395338.
10
What is the remainder when 1454154 is divided by 1189?
7
Calculate the remainder when 3464982 is divided b